ppose -1634 = -3*g - 2*f, 4*g - 2*f - 1432 = 756. What is the hundreds digit of g?
5
Suppose -5*s + 4 = -4*l - 4, 0 = -5*l - 10. Suppose -3*r = -5*d - 14 - 42, -r + 5*d + 22 = 0. Suppose s = r*x - 12*x - 320. What is the units digit of x?
4
Suppose 5*u - 2*b - 2104 = -118, 5*b + 411 = u. Suppose 2*f + k - 4*k = 198, -u = -4*f - 3*k. What is the units digit of f?
9
Let p be ((-3)/(-2))/(3/110). Let y = p - 1. What is the tens digit of y?
5
Suppose -2*w + 18 = -0*w. Suppose 0*f + f - 3 = 0, 5*f = -5*s + 140. Let x = s - w. What is the tens digit of x?
1
Let k(c) = -4*c + 13. Let a be k(5). What is the units digit of (a/14)/((-1)/350)?
5
Suppose -12*d + 4*d = -6392. What is the tens digit of d?
9
Let r be (1 + -97)/(6/(-8)). Suppose -r - 13 = -3*c. What is the units digit of c?
7
Suppose -2*l = -92 + 34. What is the tens digit of l?
2
Let n be 0*(2 + 2)/(-8). Let r be (n + 15 - -3) + 1. Suppose 2*a = -h + 7*a + 4, -a + r = 2*h. What is the units digit of h?
9
What is the hundreds digit of (6/(-2))/(-6) - 7448/(-16)?
4
Let c(h) = 1. Let f(j) = -11*j**2 - 8. Let n(t) = -3*c(t) - f(t). What is the hundreds digit of n(3)?
1
Let p(v) = -7*v - 36. Let y be p(-15). Let r = -1 + y. What is the tens digit of r?
6
Let y(a) = -a**3 + 4*a**2 + 3*a + 6. What is the hundreds digit of y(-5)?
2
Suppose -19 = -s - 3*s - 3*a, 0 = -5*s + a. Let y = 1 - s. What is the tens digit of 1 + 12 + 0 + y?
1
Suppose 4*b = 8*b + 16. Let y = b - -4. Suppose -2*i + 16 = -y*i. What is the units digit of i?
8
Let x = -1 - -1. Suppose 2*i - 5 + 1 = 0. Suppose -i*v - v + 48 = x. What is the units digit of v?
6
Suppose 5*d - 9*d = 32. What is the tens digit of d/(((-1)/4)/1)?
3
Let u(i) be the first derivative of i**4/4 - 7*i**3/3 + 7*i**2 + 11*i - 6. What is the units digit of u(7)?
9
Suppose 9*k = k - 64. What is the tens digit of (-6)/k*2 + 663/6?
1
Suppose 2*v + j + 0*j - 360 = 0, -4*j = 4*v - 724. What is the units digit of v?
9
What is the tens digit of 7706/12 - 1/6?
4
Let f = -547 + 802. Suppose -2*v + 227 = -f. What is the hundreds digit of v?
2
Suppose -2*u = -4*o - 18, -o = 4*u - 3*o - 6. Let r(x) = 91*x**2 + 2*x + 2. What is the tens digit of r(u)?
9
Suppose -12*c = -24415 + 6535. What is the thousands digit of c?
1
Suppose 670 = 8*i - 3*i - 5*g, 0 = 5*i - 4*g - 673. Suppose 4*n - s - i = 0, -n = -5*s - 22 - 36. What is the tens digit of n?
3
Suppose -2*x - 3*x = -20. Let o = x + -1. Suppose -2*y + y - 2 = o*q, 4*y = 5*q + 43. What is the units digit of y?
7
Let w(a) = 4*a - 3 - 2*a - 2 + 0. Let q be w(4). Suppose 4*m - 55 = q*o, 5*m + 4*o - 61 = -0*o. What is the tens digit of m?
1
Suppose -6*n + 2504 = 14. What is the tens digit of n?
1
What is the tens digit of 853 + (3 + 4 + -3)/2?
5
Suppose -5*v = -4*p + 559, 4*v - 6*v - 6 = 0. What is the hundreds digit of p?
1
Let n be 4/18 - 64/(-36). Suppose -n*g = -8*g + 24. What is the units digit of g?
4
What is the hundreds digit of (-1075979)/(-610) - (-3)/(-30)*-1?
7
Let x(o) = o**2 - 7*o + 11. Let p = -4 + 12. Let f be x(p). Let k = f - 11. What is the units digit of k?
8
What is the units digit of (-32)/4*1608/(-192)?
7
Let h(n) = 6*n + 2. Let f be ((-2)/(-2))/(-1)*-1. What is the units digit of h(f)?
8
Let z(i) = 2*i + 18. Suppose -4*n = n + 40. Let a be z(n). Suppose -v + 5*k + 21 = 2*k, -a*v = -2*k - 30. What is the tens digit of v?
1
Let k(a) = 31*a - 3. What is the hundreds digit of k(15)?
4
Let u(p) = 1001*p + 36. What is the units digit of u(3)?
9
Let f be 2/7 + 120/21. Suppose 0 = -2*k - 0*k. Suppose 2*t + m = 43, -5*t + f*t + 2*m - 29 = k. What is the units digit of t?
9
Let t(n) = -10*n + 16. Let j be t(-6). Let y = j + -39. What is the units digit of y?
7
Let m be (-47)/(-9) + (-3)/81*6. Suppose -2*o + 4*o - z = 86, -4*z = -m*o + 221. What is the units digit of o?
1
Suppose 5*s + 2*q = -156, -2*s + 15 = -3*s + 5*q. What is the units digit of 18/s + 596/10?
9
Let n be 2/((-112)/96 - (-2)/12). What is the units digit of (14/8)/(n/(-48)*3)?
4
Suppose 5*n - 64 = -v, 2*v - 4 = -n + 16. Let a(c) = -c + 13. Let l be a(7). Let b = l + n. What is the tens digit of b?
1
Suppose -4*u - u = t - 214, -3*t + 587 = 4*u. What is the tens digit of t?
8
Suppose 4*m - 26944 = -28*m. What is the hundreds digit of m?
8
Suppose -3*y - 3*z = -2655, -3526 = 4*y - 8*y + 3*z. What is the hundreds digit of y?
8
Suppose -10*x + 3*x = 0. Suppose x = 2*w + 3*b - 274, -5*w + 9*b + 710 = 4*b. What is the hundreds digit of w?
1
Let d(z) = -6 - 68*z - 1 + 13. What is the tens digit of d(-2)?
4
Let s(i) = -i**2 - 23*i + 27. Let w be s(-24). Suppose w*t + 170 = 8*t. What is the tens digit of t?
3
What is the units digit of 47/4*(-24)/(-6)?
7
Suppose 3*b + 5*c - c = 13879, -9281 = -2*b + 3*c. What is the hundreds digit of b?
6
Suppose r + 2*r - 4*u = -174, 0 = 2*r - 2*u + 116. Let z = -24 - r. What is the tens digit of z?
3
Suppose 2*l - l + 2*c = 278, -5*l + 3*c + 1338 = 0. What is the hundreds digit of l?
2
Let d = -8 + 2. What is the hundreds digit of (-21 - d)*(68/5)/(-2)?
1
Let x be 0/(-1)*3/(-6). What is the units digit of (32 - (3 - x))*1?
9
Let t(y) = y**2 + 6*y - 5. Let a be t(-7). Suppose v = -0*v + a. Suppose 4*l = v + 18. What is the units digit of l?
5
Let j(t) = t**3 + 24*t**2 + 16*t - 42. What is the units digit of j(-23)?
9
Let q(j) = 110*j**2 - 7*j + 10. What is the tens digit of q(2)?
3
Let w = 39 + -19. Let f be (3/4)/(5/w). Suppose f*p - 8 = 2*p. What is the units digit of p?
8
Let l(h) be the first derivative of -27*h**2/2 - 5*h + 19. What is the tens digit of l(-8)?
1
Suppose -f = -6 + 2. Suppose f*i = i + 45. Suppose -14*h - 18 = -i*h. What is the tens digit of h?
1
Let y be -7 + 0/(-1 - 0). Let a(s) = s**2 - 7*s - 9. Let z be a(9). Let r = z + y. What is the units digit of r?
2
Let p = 17 + -14. Suppose -n - 6 = -p*n. Suppose -n*z = 2*i - 21, 3*z + 2*i + 3*i - 30 = 0. What is the units digit of z?
5
Let v = -134 + 133. What is the units digit of v + 61 + 2/(10/(-15))?
7
Let r = 1634 + -811. What is the hundreds digit of r?
8
Let i = -9282 - -13029. What is the thousands digit of i?
3
Let y(l) = -28*l - 5. Let c = 18 - 22. What is the hundreds digit of y(c)?
1
Let j = 1053 + -561. What is the tens digit of j?
9
Let q = -23 + 18. Let c(i) = -i**3 - 3*i**2 + 4*i + 5. Let y be c(q). What is the units digit of y/20*4*2?
4
What is the hundreds digit of (-4)/(-7)*2/(52/7189)?
1
Suppose -2*s + 0*s = 3*t - 18, -52 = -4*s + 2*t. Suppose 5*o - 11 - s = -2*f, 3*o + 59 = 4*f. What is the tens digit of f?
1
Let j be 2/5 - (-2048)/80. Let u be 98 + 1*-1 - -1. Suppose 0 = 2*l - u + j. What is the tens digit of l?
3
Let k = -268 - -888. What is the units digit of k?
0
Let i(f) = f**3 - 16*f**2 + 33*f - 15. What is the tens digit of i(14)?
5
Let s(v) = 118*v**2 + 11*v - 22. What is the hundreds digit of s(3)?
0
Let v = 690 + -155. Suppose -1350 = -5*s + 5*f, -3*s + f = -v - 269. What is the hundreds digit of s?
2
Let k(h) = -h**3 - 19*h**2 + 21*h + 23. Let v be k(-20). Suppose 0 = 5*b - u + 64 - 458, -2*b - v*u + 144 = 0. What is the units digit of b?
8
Suppose 3*z = 2*z + 21. Let k = -87 - -95. Let s = z - k. What is the units digit of s?
3
Let t = -379 - -4324. What is the hundreds digit of t?
9
Let j(v) = v**2 + 4*v + 6. Let k be j(-3). Suppose 53 = 3*m + k*o + o, -4*m = -5*o - 81. Let u = m + -7. What is the tens digit of u?
1
Let h(i) = -17*i**2 - 3*i - 13. Let u be h(-3). Let b = u - -256. What is the tens digit of b?
9
Let c = -263 - -369. What is the units digit of c?
6
Let c be (2/(-2))/(3/(-9)). Let n(l) = 5*l + c*l - 6 + 3*l + 0*l - l**2. What is the tens digit of n(6)?
2
Let y be (0 + (-2472)/10)/((-36)/120). Let m = -549 + y. What is the tens digit of m?
7
Suppose -j = -5*q + 123, 0 = -3*q + 6*j - 5*j + 75. What is the units digit of q?
4
Let v(d) = -10*d**2 - 4*d - 21. Let l(c) = 21*c**2 + 9*c + 43. Let b(s) = -6*l(s) - 13*v(s). What is the units digit of b(-4)?
7
Suppose -4*n = 5*s - 4635, 0 = -4*n + 10 - 30. What is the units digit of s?
1
Let c(f) = 3*f**2 + 1 + 2 + 1 + 2*f**2. Let v be c(-4). Suppose 0 = -2*k + 2*n + v, 3*k - 4*n - 58 - 65 = 0. What is the units digit of k?
5
Suppose -65*z + 64*z + 627 = 0. What is the units digit of z?
7
What is the hundreds digit of 252/(-567) + 3433/9?
3
Suppose 3570 = -4*o - 4*i +